{"id":71,"date":"2022-09-15T15:11:33","date_gmt":"2022-09-15T15:11:33","guid":{"rendered":"https:\/\/www.lumonc.com\/newpage\/product\/breath-easy-spray\/"},"modified":"2023-06-09T20:36:50","modified_gmt":"2023-06-09T20:36:50","slug":"breath-easy-spray","status":"publish","type":"product","link":"https:\/\/www.lumonc.com\/newpage\/product\/breath-easy-spray\/","title":{"rendered":"Breath Easy Spray"},"content":{"rendered":"<p>Spray para respirar mejor de Eucalipto y Menta. Ayuda a descongestionar las v\u00edas respiratorias, combatir los s\u00edntomas de la gripa y alergias. Roc\u00eda en las palmas de las manos, frota e inhala, tambi\u00e9n puedes rociarlo en un pa\u00f1uelo, en las almohadas o en el ambiente. Aplicarlo a partir de los dos a\u00f1os y bajo la supervicion de un adulto.<\/p>\n","protected":false},"excerpt":{"rendered":"<p>Spray para respirar mejor de Eucalipto y Menta. Ayuda a descongestionar las v\u00edas respiratorias, combatir los s\u00edntomas de la gripa y alergias. Roc\u00eda en las palmas de las manos, frota e inhala, tambi\u00e9n puedes rociarlo en un pa\u00f1uelo, en las almohadas o en el ambiente. Aplicarlo a partir de los dos a\u00f1os y bajo la supervicion de un adulto.<\/p>\n","protected":false},"featured_media":58,"template":"","meta":{"_et_pb_use_builder":"off","_et_pb_old_content":"Spray para respirar mejor de Eucalipto y Menta.\r\n\r\nAyuda a descongestionar las v\u00edas respiratorias, combatir los s\u00edntomas de la gripa y alergias.\r\n\r\nRoc\u00eda en las palmas de las manos, frota e inhala, tambi\u00e9n puedes rociarlo en un pa\u00f1uelo, en las almohadas o en el ambiente.\r\n\r\nAplicarlo a partir de los dos a\u00f1os y bajo la supervicion de un adulto.","_et_gb_content_width":"","_coblocks_attr":"","_coblocks_dimensions":"","_coblocks_responsive_height":"","_coblocks_accordion_ie_support":""},"product_cat":[6],"product_tag":[],"_links":{"self":[{"href":"https:\/\/www.lumonc.com\/newpage\/wp-json\/wp\/v2\/product\/71"}],"collection":[{"href":"https:\/\/www.lumonc.com\/newpage\/wp-json\/wp\/v2\/product"}],"about":[{"href":"https:\/\/www.lumonc.com\/newpage\/wp-json\/wp\/v2\/types\/product"}],"wp:featuredmedia":[{"embeddable":true,"href":"https:\/\/www.lumonc.com\/newpage\/wp-json\/wp\/v2\/media\/58"}],"wp:attachment":[{"href":"https:\/\/www.lumonc.com\/newpage\/wp-json\/wp\/v2\/media?parent=71"}],"wp:term":[{"taxonomy":"product_cat","embeddable":true,"href":"https:\/\/www.lumonc.com\/newpage\/wp-json\/wp\/v2\/product_cat?post=71"},{"taxonomy":"product_tag","embeddable":true,"href":"https:\/\/www.lumonc.com\/newpage\/wp-json\/wp\/v2\/product_tag?post=71"}],"curies":[{"name":"wp","href":"https:\/\/api.w.org\/{rel}","templated":true}]}}